e the remainder when b is divided by 21.
15
Suppose -8*g + 2159 = -665. Let o = g + -264. Calculate the remainder when o is divided by 39.
11
Let o = 144 + -96. Let c = -44 + o. Suppose i + c*d = 121, 0 = 3*d - 3. What is the remainder when i is divided by 20?
17
Suppose 2*d + 2 = -d - 5*r, -3 = 3*r. Suppose -72*i + 231 + 16 = -401. Calculate the remainder when 64 is divided by (i/3 - 3)/d - -34.
30
Let y = 8957 - 8937. What is the remainder when 1795 is divided by y?
15
Let m be 60*(-7)/(-28)*52/(-5). Let j = m + 222. Calculate the remainder when j is divided by 27.
12
Suppose 10*q - 4*u - 2982 = 0, 1188 = 4*q + 19*u - 20*u. What is the remainder when q is divided by 53?
30
Suppose 4*o = 476 - 88. Let w = 9467 + -9418. What is the remainder when o is divided by w?
48
Let c be 0/(0 - (3 - 2)). Suppose 2*b + 1520 = 5*w, b + 4 + 1 = c. Calculate the remainder when w is divided by 51.
47
Suppose -13*s - 290 = -23*s. Let i(d) = 23*d - 15. Calculate the remainder when s is divided by i(1).
5
Suppose -5*j + 5*x = -790, 1551*j - 1555*j + 680 = 4*x. What is the remainder when j is divided by 19?
12
Let i(m) = -m**2 - 3*m + 139. Calculate the remainder when i(0) is divided by 29.
23
What is the remainder when ((-4 - -7) + -6)*(1331/(-33) - -10) is divided by 49?
42
Suppose -45*n + 4183 = 2*n. What is the remainder when 270 is divided by n?
3
Let k = -11480 - -15615. What is the remainder when k is divided by 166?
151
Calculate the remainder when 240 is divided by ((-8)/(-10) - 7062/15)/(-2 - 0).
5
Let i = 104 + -99. Suppose -i*t + 8*t - 4 = h, -2*h + 10 = 0. Calculate the remainder when 21 is divided by t.
0
Suppose -5*s - 5*a = -8*s + 793, -236 = -s - 4*a. Suppose -g + s = 197. Calculate the remainder when g is divided by 16.
11
Let n(b) = b**3 - 28*b**2 - 953*b + 49. Calculate the remainder when n(48) is divided by 73.
20
Suppose -2*g - 5*t + 3023 = -4*t, 4*g + 3*t = 6047. Calculate the remainder when g is divided by 17.
15
Suppose -30*p - 62*p + 112410 = -2*p. What is the remainder when 1257 is divided by p?
8
Let i = 172 - 171. Calculate the remainder when (-74)/(-481) + ((-3350)/(-26))/i is divided by 27.
21
Let j be 8 + -10 + (149 - 3/3). Suppose 2*a + 4*x - 172 = 0, j = 2*a + 2*x - 34. Calculate the remainder when a is divided by 32.
30
What is the remainder when 1610 is divided by (45 + -1)*(-29 - -13)/(-16)?
26
Let u(m) be the first derivative of 10*m**2 - 49*m - 15. Let c be u(12). What is the remainder when (c + 1)*(0/5 + 1) is divided by 15?
12
Suppose 4*s - 3*s = -0*s. Suppose -4*v - 4*h + 52 = s, -3*h + 9 = v - 8. What is the remainder when 31 is divided by v?
9
Let f(a) = -749*a + 5467. Calculate the remainder when 470 is divided by f(7).
22
Let s(h) = -2*h**2 - 86*h - 27. Calculate the remainder when s(-28) is divided by 48.
45
Let y(r) = r**2 + 8*r + 12. Let g be y(-6). Suppose -v - 4 = g, -2*l + 3*l - v = 43. What is the remainder when 192 is divided by l?
36
Let s = -4324 - -4344. Let k(j) = 12*j + 2. Calculate the remainder when k(3) is divided by s.
18
Let z = -2683 - -4467. Suppose 77 = z*j - 1777*j. Suppose 5*f - 281 + 71 = 0. What is the remainder when f is divided by j?
9
Let a be ((-8)/4)/(7/((-2590)/(-4))). Let i = 264 + a. What is the remainder when i is divided by 24?
7
Let x = -313 - -603. What is the remainder when x is divided by 59?
54
Suppose 3*i = 5*i - 8. Let w = i - -3. Suppose 0 = 275*h - 313*h + 988. What is the remainder when h is divided by w?
5
Suppose 12*a = -335 + 2279. What is the remainder when a is divided by 56/(2/2) + -1?
52
Let n(h) = 5*h - 3 + 3 - 3 - 6*h**2 + 2*h**3. Let s be n(4). Let p = 8 + s. Calculate the remainder when p is divided by 21.
15
Let u(w) = -w**3 + 5*w**2 - 4*w - 7. Let p be u(4). Let o be p/((-84)/(-340)) + (-1)/(-3). Calculate the remainder when 76 is divided by -1 + (-5)/5 - o.
24
Let b(x) = -x**3 - 3*x**2 - 8*x - 24. Let u be b(-3). Suppose -3*z + 5*i + 76 = u, -z + 31 = 4*i - 17. What is the remainder when 93 is divided by z?
29
Suppose 2*m + 5 - 33 = 0. Suppose 5*v - 3*x = 19, -58*x = -61*x + 6. Calculate the remainder when (-930)/(-54) + (-235)/45 + v is divided by m.
3
Let r = 78 + -61. Suppose 5*i - 4*q - 9 = -2, 5*i - r = -q. Let a = -67 + 85. Calculate the remainder when a is divided by i.
0
Let o = 5638 - 5065. What is the remainder when 584 is divided by o?
11
Let i be 2/(-4)*-6 - 1. Let r(c) = 2*c - 41. Let z be r(23). Suppose 5*l = -4*b + 113, 0*l - i*l - z*b = -52. Calculate the remainder when 60 is divided by l.
18
Let b(t) = -t**3 - 25*t**2 - 85*t + 17. What is the remainder when b(-21) is divided by (-6)/(0 - 3) - 1?
0
Let i(u) = -u**3 + 22*u**2 + 97*u + 377. What is the remainder when 1146 is divided by i(26)?
171
Suppose 383 + 67 = 3*k. What is the remainder when k is divided by (1/(-5) + 1134/(-105))*-7?
73
Suppose -2*f = -3*y + 18, -2*f + 45 = 4*y + 7. What is the remainder when 121/(-11) + 4536/(-9)*4/(-6) is divided by y?
5
Suppose 14*t = 8*t + 222. Let z = t + -23. Calculate the remainder when z is divided by 8/20 - 140/(-25).
2
Calculate the remainder when 106 is divided by (1265/(-22))/23 + 219/6.
4
Let j = 6 + 14. What is the remainder when 30/36 + (-22187)/(-66) is divided by j?
17
Suppose 2*c + 4 - 22 = 0. Calculate the remainder when 889/1778*(1 + 205) is divided by c.
4
Suppose 9*m = 17*m + 480. Calculate the remainder when 320 is divided by (-680)/m*(-9)/(-6).
14
Let h(r) = -r**2 + 166*r - 2415. What is the remainder when 1051 is divided by h(149)?
107
Suppose x + 150 = -z, 0*z - 3*x = z + 140. Let i = -136 - z. What is the remainder when 31 is divided by i?
12
Let x(w) = 4*w**3 + w**2 + 1. Let l be x(1). Suppose 18 = -0*a + a. Calculate the remainder when 24 - (-7 + l + -5) is divided by a.
12
Let r be (1/2)/(-3*5/(-3360)). Let k = 151 - r. Let o(w) = w**3 + 11*w**2 - 14*w - 16. Calculate the remainder when k is divided by o(-12).
7
Let o be (8/5)/((-5)/(-2900)*4). Let x = -180 + o. Calculate the remainder when 311 is divided by x.
51
Suppose -105*m + 100*m = o - 1076, 3*m = 5*o + 696. Calculate the remainder when 218 is divided by m.
1
Let i(j) = 68*j**2 + 39*j - 75. Calculate the remainder when i(2) is divided by 5.
0
Suppose 4*a = 2*h + 5*a + 9, 0 = h + 5*a. Suppose -4*w = 2*k - 602, 2*k + 746 = 5*w + 16. Calculate the remainder when w is divided by ((-46)/8 - h)*(1 + -41).
28
Let k = -500 + 377. Let g = k + 139. What is the remainder when 41 is divided by g?
9
Let s = -34154 - -35539. Calculate the remainder when s is divided by 139.
134
Let f(t) = t**3 + 13*t**2 + 9*t - 12. What is the remainder when f(-10) is divided by 42/3*260/91?
38
Suppose -16 = 3*t - 124. Let b be (-12)/(-6) - 1*-2. Let g(d) = -d**3 + 4*d**2 + 2*d + 2. Calculate the remainder when t is divided by g(b).
6
Suppose -4*f = -l + 4*l - 1787, 2*f + 4*l = 906. Suppose -f*j - 216 = -446*j. What is the remainder when j is divided by 1 + ((-3)/3 - -19)?
15
Suppose 8 + 0 = 2*y. Let j = 413 + -233. Suppose -y*o - j = -8*o. What is the remainder when o is divided by 13?
6
Let i(a) = -3*a + 57. Let b = 44 + -33. Calculate the remainder when 89 is divided by i(b).
17
Let d(f) = -13*f - 352. Let g = 1065 - 571. Let v = -328 + g. Calculate the remainder when v is divided by d(-28).
10
Let k = -1752 + 1764. Calculate the remainder when 1351 is divided by k.
7
Calculate the remainder when 993 is divided by 47*(4 + (-10)/6) + (-10)/6.
21
Suppose -8*v + 484*v = 236572. What is the remainder when 2003 is divided by v?
15
Suppose 0 = -9*s - 4*s + 312. Suppose s = 129*x - 125*x. Calculate the remainder when (14/(-6))/((-4)/60) is divided by x.
5
Suppose 806 = 75*u - 14*u - 10540. Calculate the remainder when u is divided by 38.
34
Suppose 4*k - 2*t - 64 = 0, 0 = -4*k - 402*t + 399*t + 44. Calculate the remainder when 1245 is divided by k.
13
Suppose 5*i = m - 1471 + 102, 2*m + 2*i - 2774 = 0. What is the remainder when m is divided by 21?
19
Suppose -3*x - 879 = -3*q, -3*q + 41*x + 861 = 44*x. Calculate the remainder when q is divided by 56.
10
Let m(c) = 23*c**2 + 19*c + 46. What is the remainder when m(-4) is divided by 179?
159
Suppose 0 = 96*p - 29346 - 73566. What is the remainder when p is divided by 107?
2
Let z be (18/24)/(((-6)/(-3))/568). Let k = z - 205. Calculate the remainder wh